{"id":163,"date":"2014-01-21T23:20:43","date_gmt":"2014-01-21T22:20:43","guid":{"rendered":"http:\/\/kobra.asso.fr\/v7\/?page_id=163"},"modified":"2018-08-19T18:30:50","modified_gmt":"2018-08-19T16:30:50","slug":"cd-part-en-live","status":"publish","type":"page","link":"https:\/\/kobra.asso.fr\/v7\/cd-part-en-live\/","title":{"rendered":"CD Part en Live"},"content":{"rendered":"<p><a href=\"https:\/\/kobra.asso.fr\/v7\/wp-content\/uploads\/2014\/01\/cd-kobra.png\"><img loading=\"lazy\" decoding=\"async\" class=\"alignleft size-full wp-image-180\" src=\"https:\/\/kobra.asso.fr\/v7\/wp-content\/uploads\/2014\/01\/cd-kobra.png\" alt=\"cd-kobra-part-en-live\" width=\"349\" height=\"308\" srcset=\"https:\/\/kobra.asso.fr\/v7\/wp-content\/uploads\/2014\/01\/cd-kobra.png 349w, https:\/\/kobra.asso.fr\/v7\/wp-content\/uploads\/2014\/01\/cd-kobra-300x264.png 300w, https:\/\/kobra.asso.fr\/v7\/wp-content\/uploads\/2014\/01\/cd-kobra-169x150.png 169w, https:\/\/kobra.asso.fr\/v7\/wp-content\/uploads\/2014\/01\/cd-kobra-150x132.png 150w\" sizes=\"(max-width: 349px) 100vw, 349px\" \/><\/a>CD Kobra \u00ab\u00a0Part en Live\u00a0\u00bb<\/p>\n<p>Enregistrement : live<\/p>\n<p>Nombre de titres : 8<\/p>\n<p><a href=\"https:\/\/kobra.assoconnect.com\/billetterie\/offre\/88668-e-part-en-live?header=%2Fpage%2F354060-cd\" target=\"_blank\" rel=\"noopener\"><img loading=\"lazy\" decoding=\"async\" class=\"alignleft wp-image-764 size-full\" src=\"https:\/\/kobra.asso.fr\/v7\/wp-content\/uploads\/2018\/08\/Bouton-acheter-e1534695918467.jpg\" alt=\"\" width=\"200\" height=\"42\" \/><\/a><\/p>\n<p>&nbsp;<\/p>\n<ol>\n<li><strong><em>Charivari<\/em><\/strong> <iframe loading=\"lazy\" width=\"100%\" height=\"150\" scrolling=\"no\" frameborder=\"no\" src=\"https:\/\/w.soundcloud.com\/player?url=https%3A%2F%2Fsoundcloud.com%2Fkobrapercussions%2Fcharivari&visual=true\"><\/iframe><\/li>\n<li><em><strong>Koktail de fruits<\/strong><\/em><!--[if lt IE 9]><script>document.createElement('audio');<\/script><![endif]-->\n<audio class=\"wp-audio-shortcode\" id=\"audio-163-1\" preload=\"none\" style=\"width: 100%;\" controls=\"controls\"><source type=\"audio\/mpeg\" src=\"https:\/\/kobra.asso.fr\/v7\/wp-content\/uploads\/2014\/01\/2.mp3?_=1\" \/><a href=\"https:\/\/kobra.asso.fr\/v7\/wp-content\/uploads\/2014\/01\/2.mp3\">https:\/\/kobra.asso.fr\/v7\/wp-content\/uploads\/2014\/01\/2.mp3<\/a><\/audio><\/li>\n<li><em><strong>Le combat des \u00e9l\u00e9phants<\/strong><\/em><audio class=\"wp-audio-shortcode\" id=\"audio-163-2\" preload=\"none\" style=\"width: 100%;\" controls=\"controls\"><source type=\"audio\/mpeg\" src=\"https:\/\/kobra.asso.fr\/v7\/wp-content\/uploads\/2014\/01\/3.mp3?_=2\" \/><a href=\"https:\/\/kobra.asso.fr\/v7\/wp-content\/uploads\/2014\/01\/3.mp3\">https:\/\/kobra.asso.fr\/v7\/wp-content\/uploads\/2014\/01\/3.mp3<\/a><\/audio><\/li>\n<li><em><strong>Nakara<\/strong><\/em><audio class=\"wp-audio-shortcode\" id=\"audio-163-3\" preload=\"none\" style=\"width: 100%;\" controls=\"controls\"><source type=\"audio\/mpeg\" src=\"https:\/\/kobra.asso.fr\/v7\/wp-content\/uploads\/2014\/01\/4.mp3?_=3\" \/><a href=\"https:\/\/kobra.asso.fr\/v7\/wp-content\/uploads\/2014\/01\/4.mp3\">https:\/\/kobra.asso.fr\/v7\/wp-content\/uploads\/2014\/01\/4.mp3<\/a><\/audio><\/li>\n<li><em><strong>Zarafa<\/strong><\/em><audio class=\"wp-audio-shortcode\" id=\"audio-163-4\" preload=\"none\" style=\"width: 100%;\" controls=\"controls\"><source type=\"audio\/mpeg\" src=\"https:\/\/kobra.asso.fr\/v7\/wp-content\/uploads\/2014\/01\/5.mp3?_=4\" \/><a href=\"https:\/\/kobra.asso.fr\/v7\/wp-content\/uploads\/2014\/01\/5.mp3\">https:\/\/kobra.asso.fr\/v7\/wp-content\/uploads\/2014\/01\/5.mp3<\/a><\/audio><\/li>\n<li><em><strong>Le Krotal<\/strong><\/em><audio class=\"wp-audio-shortcode\" id=\"audio-163-5\" preload=\"none\" style=\"width: 100%;\" controls=\"controls\"><source type=\"audio\/mpeg\" src=\"https:\/\/kobra.asso.fr\/v7\/wp-content\/uploads\/2014\/01\/6.mp3?_=5\" \/><a href=\"https:\/\/kobra.asso.fr\/v7\/wp-content\/uploads\/2014\/01\/6.mp3\">https:\/\/kobra.asso.fr\/v7\/wp-content\/uploads\/2014\/01\/6.mp3<\/a><\/audio><\/li>\n<li><em><strong>K\u00f9k\u00f9m<\/strong><\/em><audio class=\"wp-audio-shortcode\" id=\"audio-163-6\" preload=\"none\" style=\"width: 100%;\" controls=\"controls\"><source type=\"audio\/mpeg\" src=\"https:\/\/kobra.asso.fr\/v7\/wp-content\/uploads\/2014\/01\/7.mp3?_=6\" \/><a href=\"https:\/\/kobra.asso.fr\/v7\/wp-content\/uploads\/2014\/01\/7.mp3\">https:\/\/kobra.asso.fr\/v7\/wp-content\/uploads\/2014\/01\/7.mp3<\/a><\/audio><\/li>\n<li><em><strong>La Jungle<\/strong><\/em><audio class=\"wp-audio-shortcode\" id=\"audio-163-7\" preload=\"none\" style=\"width: 100%;\" controls=\"controls\"><source type=\"audio\/mpeg\" src=\"https:\/\/kobra.asso.fr\/v7\/wp-content\/uploads\/2014\/01\/8.mp3?_=7\" \/><a href=\"https:\/\/kobra.asso.fr\/v7\/wp-content\/uploads\/2014\/01\/8.mp3\">https:\/\/kobra.asso.fr\/v7\/wp-content\/uploads\/2014\/01\/8.mp3<\/a><\/audio><\/li>\n<\/ol>\n<p>&nbsp;<\/p>\n","protected":false},"excerpt":{"rendered":"<p>CD Kobra \u00ab\u00a0Part en Live\u00a0\u00bb Enregistrement : live Nombre de titres : 8 &nbsp; Charivari Koktail de fruits Le combat des \u00e9l\u00e9phants Nakara Zarafa Le Krotal K\u00f9k\u00f9m La Jungle &nbsp; <a class=\"continue-reading-link\" href=\"https:\/\/kobra.asso.fr\/v7\/cd-part-en-live\/\">Lire plus<\/a><\/p>\n","protected":false},"author":1,"featured_media":0,"parent":0,"menu_order":0,"comment_status":"open","ping_status":"open","template":"","meta":{"footnotes":""},"jetpack_sharing_enabled":true,"_links":{"self":[{"href":"https:\/\/kobra.asso.fr\/v7\/wp-json\/wp\/v2\/pages\/163"}],"collection":[{"href":"https:\/\/kobra.asso.fr\/v7\/wp-json\/wp\/v2\/pages"}],"about":[{"href":"https:\/\/kobra.asso.fr\/v7\/wp-json\/wp\/v2\/types\/page"}],"author":[{"embeddable":true,"href":"https:\/\/kobra.asso.fr\/v7\/wp-json\/wp\/v2\/users\/1"}],"replies":[{"embeddable":true,"href":"https:\/\/kobra.asso.fr\/v7\/wp-json\/wp\/v2\/comments?post=163"}],"version-history":[{"count":27,"href":"https:\/\/kobra.asso.fr\/v7\/wp-json\/wp\/v2\/pages\/163\/revisions"}],"predecessor-version":[{"id":767,"href":"https:\/\/kobra.asso.fr\/v7\/wp-json\/wp\/v2\/pages\/163\/revisions\/767"}],"wp:attachment":[{"href":"https:\/\/kobra.asso.fr\/v7\/wp-json\/wp\/v2\/media?parent=163"}],"curies":[{"name":"wp","href":"https:\/\/api.w.org\/{rel}","templated":true}]}}