{"id":182,"date":"2014-01-22T16:56:42","date_gmt":"2014-01-22T15:56:42","guid":{"rendered":"http:\/\/kobra.asso.fr\/v7\/?page_id=182"},"modified":"2014-02-03T16:49:22","modified_gmt":"2014-02-03T15:49:22","slug":"supports-pedagogiques-au-djembe","status":"publish","type":"page","link":"https:\/\/kobra.asso.fr\/v7\/supports-pedagogiques-au-djembe\/","title":{"rendered":"Supports p\u00e9dagogiques"},"content":{"rendered":"<p>Ici vous trouverez l&rsquo;ensemble des supports p\u00e9dagogique vous permettant de vous entrainer seul<\/p>\n<p>Accrochez vous, pers\u00e9v\u00e9rez et vous serez satisfaits de vos r\u00e9sultats&#8230;<\/p>\n<p>Afin de vous entrainer, voici un fond de Batterie Adama Dram\u00e9 \u00e0 <a href=\"https:\/\/kobra.asso.fr\/v7\/wp-content\/uploads\/2014\/01\/adama-drame-batterie-90bpm.mp3\">90Bpm<\/a>,<a href=\"https:\/\/kobra.asso.fr\/v7\/wp-content\/uploads\/2014\/01\/adama-drame-batterie-100Bpm.wav.mp3\">100Bpm<\/a> et <a href=\"https:\/\/kobra.asso.fr\/v7\/wp-content\/uploads\/2014\/01\/adama-drame-batterie-110Bpm.wav.mp3\">110Bpm<\/a>.<\/p>\n<ol>\n<li><a title=\"Djemb\u00e9\" href=\"https:\/\/kobra.asso.fr\/v7\/supports-pedagogiques-au-djembe\/djembe\/\">Supports au Djemb\u00e9<\/a><\/li>\n<li><a title=\"Surdo\" href=\"https:\/\/kobra.asso.fr\/v7\/supports-pedagogiques-au-djembe\/surdo\/\">Supports au Surdo<\/a><\/li>\n<\/ol>\n","protected":false},"excerpt":{"rendered":"<p>Ici vous trouverez l&rsquo;ensemble des supports p\u00e9dagogique vous permettant de vous entrainer seul Accrochez vous, pers\u00e9v\u00e9rez et vous serez satisfaits de vos r\u00e9sultats&#8230; Afin de vous entrainer, voici un fond\u2026 <a class=\"continue-reading-link\" href=\"https:\/\/kobra.asso.fr\/v7\/supports-pedagogiques-au-djembe\/\">Lire plus<\/a><\/p>\n","protected":false},"author":1,"featured_media":0,"parent":0,"menu_order":0,"comment_status":"open","ping_status":"open","template":"","meta":{"footnotes":""},"jetpack_sharing_enabled":true,"_links":{"self":[{"href":"https:\/\/kobra.asso.fr\/v7\/wp-json\/wp\/v2\/pages\/182"}],"collection":[{"href":"https:\/\/kobra.asso.fr\/v7\/wp-json\/wp\/v2\/pages"}],"about":[{"href":"https:\/\/kobra.asso.fr\/v7\/wp-json\/wp\/v2\/types\/page"}],"author":[{"embeddable":true,"href":"https:\/\/kobra.asso.fr\/v7\/wp-json\/wp\/v2\/users\/1"}],"replies":[{"embeddable":true,"href":"https:\/\/kobra.asso.fr\/v7\/wp-json\/wp\/v2\/comments?post=182"}],"version-history":[{"count":11,"href":"https:\/\/kobra.asso.fr\/v7\/wp-json\/wp\/v2\/pages\/182\/revisions"}],"predecessor-version":[{"id":297,"href":"https:\/\/kobra.asso.fr\/v7\/wp-json\/wp\/v2\/pages\/182\/revisions\/297"}],"wp:attachment":[{"href":"https:\/\/kobra.asso.fr\/v7\/wp-json\/wp\/v2\/media?parent=182"}],"curies":[{"name":"wp","href":"https:\/\/api.w.org\/{rel}","templated":true}]}}