{"id":191,"date":"2014-01-23T11:17:29","date_gmt":"2014-01-23T10:17:29","guid":{"rendered":"http:\/\/kobra.asso.fr\/v7\/?page_id=191"},"modified":"2014-01-29T00:11:14","modified_gmt":"2014-01-28T23:11:14","slug":"cassette-manuhere","status":"publish","type":"page","link":"https:\/\/kobra.asso.fr\/v7\/cassette-manuhere\/","title":{"rendered":"Cassette Manuhere"},"content":{"rendered":"<p><a href=\"https:\/\/kobra.asso.fr\/v7\/wp-content\/uploads\/2014\/01\/manuhere.png\"><img loading=\"lazy\" decoding=\"async\" class=\"alignleft size-full wp-image-192\" alt=\"cassette kobra Manuhere\" src=\"https:\/\/kobra.asso.fr\/v7\/wp-content\/uploads\/2014\/01\/manuhere.png\" width=\"214\" height=\"209\" srcset=\"https:\/\/kobra.asso.fr\/v7\/wp-content\/uploads\/2014\/01\/manuhere.png 214w, https:\/\/kobra.asso.fr\/v7\/wp-content\/uploads\/2014\/01\/manuhere-153x150.png 153w, https:\/\/kobra.asso.fr\/v7\/wp-content\/uploads\/2014\/01\/manuhere-150x146.png 150w\" sizes=\"(max-width: 214px) 100vw, 214px\" \/><\/a>Cassette Manuhere<\/p>\n<p>Enregistrement : Studio<\/p>\n<p>Nombre de titres : 5<\/p>\n<p>En projet de num\u00e9risation (non disponible \u00e0 la vente)<\/p>\n<p>&nbsp;<\/p>\n<h2>Pr\u00e9 \u00e9coute :<\/h2>\n<ol>\n<li>Le combat des \u00e9l\u00e9phants <!--[if lt IE 9]><script>document.createElement('audio');<\/script><![endif]-->\n<audio class=\"wp-audio-shortcode\" id=\"audio-191-1\" preload=\"none\" style=\"width: 100%;\" controls=\"controls\"><source type=\"audio\/mpeg\" src=\"https:\/\/kobra.asso.fr\/v7\/wp-content\/uploads\/2014\/01\/combat-des-elephants.mp3?_=1\" \/><a href=\"https:\/\/kobra.asso.fr\/v7\/wp-content\/uploads\/2014\/01\/combat-des-elephants.mp3\">https:\/\/kobra.asso.fr\/v7\/wp-content\/uploads\/2014\/01\/combat-des-elephants.mp3<\/a><\/audio><\/li>\n<li>L&rsquo;arbre sacr\u00e9 <audio class=\"wp-audio-shortcode\" id=\"audio-191-2\" preload=\"none\" style=\"width: 100%;\" controls=\"controls\"><source type=\"audio\/mpeg\" src=\"https:\/\/kobra.asso.fr\/v7\/wp-content\/uploads\/2014\/01\/labre-sacre.mp3?_=2\" \/><a href=\"https:\/\/kobra.asso.fr\/v7\/wp-content\/uploads\/2014\/01\/labre-sacre.mp3\">https:\/\/kobra.asso.fr\/v7\/wp-content\/uploads\/2014\/01\/labre-sacre.mp3<\/a><\/audio><\/li>\n<li>Le Krotal <audio class=\"wp-audio-shortcode\" id=\"audio-191-3\" preload=\"none\" style=\"width: 100%;\" controls=\"controls\"><source type=\"audio\/mpeg\" src=\"https:\/\/kobra.asso.fr\/v7\/wp-content\/uploads\/2014\/01\/le-krotal.mp3?_=3\" \/><a href=\"https:\/\/kobra.asso.fr\/v7\/wp-content\/uploads\/2014\/01\/le-krotal.mp3\">https:\/\/kobra.asso.fr\/v7\/wp-content\/uploads\/2014\/01\/le-krotal.mp3<\/a><\/audio><\/li>\n<li>Les guerriers <audio class=\"wp-audio-shortcode\" id=\"audio-191-4\" preload=\"none\" style=\"width: 100%;\" controls=\"controls\"><source type=\"audio\/mpeg\" src=\"https:\/\/kobra.asso.fr\/v7\/wp-content\/uploads\/2014\/01\/les-guerriers.mp3?_=4\" \/><a href=\"https:\/\/kobra.asso.fr\/v7\/wp-content\/uploads\/2014\/01\/les-guerriers.mp3\">https:\/\/kobra.asso.fr\/v7\/wp-content\/uploads\/2014\/01\/les-guerriers.mp3<\/a><\/audio><\/li>\n<\/ol>\n","protected":false},"excerpt":{"rendered":"<p>Cassette Manuhere Enregistrement : Studio Nombre de titres : 5 En projet de num\u00e9risation (non disponible \u00e0 la vente) &nbsp; Pr\u00e9 \u00e9coute : Le combat des \u00e9l\u00e9phants L&rsquo;arbre sacr\u00e9 Le\u2026 <a class=\"continue-reading-link\" href=\"https:\/\/kobra.asso.fr\/v7\/cassette-manuhere\/\">Lire plus<\/a><\/p>\n","protected":false},"author":1,"featured_media":0,"parent":0,"menu_order":0,"comment_status":"open","ping_status":"open","template":"","meta":{"footnotes":""},"jetpack_sharing_enabled":true,"_links":{"self":[{"href":"https:\/\/kobra.asso.fr\/v7\/wp-json\/wp\/v2\/pages\/191"}],"collection":[{"href":"https:\/\/kobra.asso.fr\/v7\/wp-json\/wp\/v2\/pages"}],"about":[{"href":"https:\/\/kobra.asso.fr\/v7\/wp-json\/wp\/v2\/types\/page"}],"author":[{"embeddable":true,"href":"https:\/\/kobra.asso.fr\/v7\/wp-json\/wp\/v2\/users\/1"}],"replies":[{"embeddable":true,"href":"https:\/\/kobra.asso.fr\/v7\/wp-json\/wp\/v2\/comments?post=191"}],"version-history":[{"count":7,"href":"https:\/\/kobra.asso.fr\/v7\/wp-json\/wp\/v2\/pages\/191\/revisions"}],"predecessor-version":[{"id":271,"href":"https:\/\/kobra.asso.fr\/v7\/wp-json\/wp\/v2\/pages\/191\/revisions\/271"}],"wp:attachment":[{"href":"https:\/\/kobra.asso.fr\/v7\/wp-json\/wp\/v2\/media?parent=191"}],"curies":[{"name":"wp","href":"https:\/\/api.w.org\/{rel}","templated":true}]}}