{"id":239,"date":"2014-01-28T13:31:26","date_gmt":"2014-01-28T12:31:26","guid":{"rendered":"http:\/\/kobra.asso.fr\/v7\/?page_id=239"},"modified":"2020-08-18T12:53:27","modified_gmt":"2020-08-18T10:53:27","slug":"restons-en-contact","status":"publish","type":"page","link":"https:\/\/kobra.asso.fr\/v7\/restons-en-contact\/","title":{"rendered":"Restons en contact"},"content":{"rendered":"<h2>Vous souhaitez connaitre les rendez-vous de l&rsquo;association Kobra ?<\/h2>\n<p>Etre tenu inform\u00e9 des \u00e9v\u00e8nements importants tels que : ses concerts, son assembl\u00e9e g\u00e9n\u00e9rale, les nouveaux ateliers&#8230;<\/p>\n<p>Alors n&rsquo;h\u00e9sitez pas, laissez nous vos coordonn\u00e9es dans le formulaire ci-dessous et nous ne manquerons pas de vous tenir inform\u00e9.<\/p>\n","protected":false},"excerpt":{"rendered":"<p>Vous souhaitez connaitre les rendez-vous de l&rsquo;association Kobra ? Etre tenu inform\u00e9 des \u00e9v\u00e8nements importants tels que : ses concerts, son assembl\u00e9e g\u00e9n\u00e9rale, les nouveaux ateliers&#8230; Alors n&rsquo;h\u00e9sitez pas, laissez\u2026 <a class=\"continue-reading-link\" href=\"https:\/\/kobra.asso.fr\/v7\/restons-en-contact\/\">Lire plus<\/a><\/p>\n","protected":false},"author":1,"featured_media":0,"parent":0,"menu_order":0,"comment_status":"closed","ping_status":"open","template":"","meta":{"footnotes":""},"jetpack_sharing_enabled":true,"_links":{"self":[{"href":"https:\/\/kobra.asso.fr\/v7\/wp-json\/wp\/v2\/pages\/239"}],"collection":[{"href":"https:\/\/kobra.asso.fr\/v7\/wp-json\/wp\/v2\/pages"}],"about":[{"href":"https:\/\/kobra.asso.fr\/v7\/wp-json\/wp\/v2\/types\/page"}],"author":[{"embeddable":true,"href":"https:\/\/kobra.asso.fr\/v7\/wp-json\/wp\/v2\/users\/1"}],"replies":[{"embeddable":true,"href":"https:\/\/kobra.asso.fr\/v7\/wp-json\/wp\/v2\/comments?post=239"}],"version-history":[{"count":3,"href":"https:\/\/kobra.asso.fr\/v7\/wp-json\/wp\/v2\/pages\/239\/revisions"}],"predecessor-version":[{"id":954,"href":"https:\/\/kobra.asso.fr\/v7\/wp-json\/wp\/v2\/pages\/239\/revisions\/954"}],"wp:attachment":[{"href":"https:\/\/kobra.asso.fr\/v7\/wp-json\/wp\/v2\/media?parent=239"}],"curies":[{"name":"wp","href":"https:\/\/api.w.org\/{rel}","templated":true}]}}

<h2>Vous souhaitez connaitre les rendez-vous de l&rsquo;association Kobra ?</h2>
<p>Etre tenu informé des évènements importants tels que : ses concerts, son assemblée générale, les nouveaux ateliers&#8230;</p>
<p>Alors n&rsquo;hésitez pas, laissez nous vos coordonnées dans le formulaire ci-dessous et nous ne manquerons pas de vous tenir informé.</p>

<p>Vous souhaitez connaitre les rendez-vous de l&rsquo;association Kobra ? Etre tenu informé des évènements importants tels que : ses concerts, son assemblée générale, les nouveaux ateliers&#8230; Alors n&rsquo;hésitez pas, laissez… <a class="continue-reading-link" href="https://kobra.asso.fr/v7/restons-en-contact/">Lire plus</a></p>
